{"id":19,"date":"2020-05-20T08:36:08","date_gmt":"2020-05-20T08:36:08","guid":{"rendered":"http:\/\/hdcomp.hu\/?page_id=19"},"modified":"2020-05-31T15:26:32","modified_gmt":"2020-05-31T15:26:32","slug":"kezdolap","status":"publish","type":"page","link":"https:\/\/hdcomp.hu\/index.php\/kezdolap\/","title":{"rendered":"R\u00f3lunk:"},"content":{"rendered":"\n<p>K\u00f6zel h\u00fasz \u00e9v szakmai tapasztalattal, t\u00f6bb ezer megjav\u00edtott vagy \u00f6sszeszerelt sz\u00e1m\u00edt\u00f3g\u00e9p ut\u00e1n \u00fagy d\u00f6nt\u00f6ttem, hogy innent\u0151l k\u00f6zvetlen kapcsolatban fogok \u00e1llni kor\u00e1bbi \u00e9s j\u00f6v\u0151beni \u00fcgyfeleimmel.<\/p>\n\n\n\n<p>A HDComp szerviz els\u0151delegesen asztali \u00e9s hordrozhat\u00f3 sz\u00e1m\u00edt\u00f3g\u00e9pek, t\u00e1blag\u00e9pek, okostelefonok szervizel\u00e9s\u00e9vel foglalkozik, de b\u00e1rmilyen elektronikus eszk\u00f6z jav\u00edt\u00e1s\u00e1ban megpr\u00f3b\u00e1lunk seg\u00edts\u00e9get ny\u00fajtani.<\/p>\n\n\n\n<figure class=\"wp-block-image size-large\"><img loading=\"lazy\" decoding=\"async\" width=\"1024\" height=\"681\" src=\"http:\/\/hdcomp.hu\/wp-content\/uploads\/2020\/05\/Tablet-Repair-1024x681.jpg\" alt=\"\" class=\"wp-image-43\" srcset=\"https:\/\/hdcomp.hu\/wp-content\/uploads\/2020\/05\/Tablet-Repair-1024x681.jpg 1024w, https:\/\/hdcomp.hu\/wp-content\/uploads\/2020\/05\/Tablet-Repair-600x399.jpg 600w, https:\/\/hdcomp.hu\/wp-content\/uploads\/2020\/05\/Tablet-Repair-300x200.jpg 300w, https:\/\/hdcomp.hu\/wp-content\/uploads\/2020\/05\/Tablet-Repair-768x511.jpg 768w, https:\/\/hdcomp.hu\/wp-content\/uploads\/2020\/05\/Tablet-Repair-1536x1022.jpg 1536w, https:\/\/hdcomp.hu\/wp-content\/uploads\/2020\/05\/Tablet-Repair.jpg 1920w\" sizes=\"(max-width: 1024px) 100vw, 1024px\" \/><\/figure>\n\n\n\n<p>Szolg\u00e1ltat\u00e1sunk megrendelhet\u0151 telefonon \u00e9s e-mail-ben is. <\/p>\n","protected":false},"excerpt":{"rendered":"<p>K\u00f6zel h\u00fasz \u00e9v szakmai tapasztalattal, t\u00f6bb ezer megjav\u00edtott vagy \u00f6sszeszerelt sz\u00e1m\u00edt\u00f3g\u00e9p ut\u00e1n \u00fagy d\u00f6nt\u00f6ttem, hogy innent\u0151l k\u00f6zvetlen kapcsolatban fogok \u00e1llni kor\u00e1bbi \u00e9s j\u00f6v\u0151beni \u00fcgyfeleimmel. A HDComp szerviz els\u0151delegesen asztali \u00e9s hordrozhat\u00f3 sz\u00e1m\u00edt\u00f3g\u00e9pek, t\u00e1blag\u00e9pek, okostelefonok szervizel\u00e9s\u00e9vel foglalkozik, de b\u00e1rmilyen elektronikus eszk\u00f6z jav\u00edt\u00e1s\u00e1ban megpr\u00f3b\u00e1lunk seg\u00edts\u00e9get ny\u00fajtani. Szolg\u00e1ltat\u00e1sunk megrendelhet\u0151 telefonon \u00e9s e-mail-ben is.<\/p>\n","protected":false},"author":1,"featured_media":0,"parent":0,"menu_order":0,"comment_status":"closed","ping_status":"closed","template":"","meta":{"footnotes":""},"_links":{"self":[{"href":"https:\/\/hdcomp.hu\/index.php\/wp-json\/wp\/v2\/pages\/19"}],"collection":[{"href":"https:\/\/hdcomp.hu\/index.php\/wp-json\/wp\/v2\/pages"}],"about":[{"href":"https:\/\/hdcomp.hu\/index.php\/wp-json\/wp\/v2\/types\/page"}],"author":[{"embeddable":true,"href":"https:\/\/hdcomp.hu\/index.php\/wp-json\/wp\/v2\/users\/1"}],"replies":[{"embeddable":true,"href":"https:\/\/hdcomp.hu\/index.php\/wp-json\/wp\/v2\/comments?post=19"}],"version-history":[{"count":3,"href":"https:\/\/hdcomp.hu\/index.php\/wp-json\/wp\/v2\/pages\/19\/revisions"}],"predecessor-version":[{"id":75,"href":"https:\/\/hdcomp.hu\/index.php\/wp-json\/wp\/v2\/pages\/19\/revisions\/75"}],"wp:attachment":[{"href":"https:\/\/hdcomp.hu\/index.php\/wp-json\/wp\/v2\/media?parent=19"}],"curies":[{"name":"wp","href":"https:\/\/api.w.org\/{rel}","templated":true}]}}

Rólunk:

<p>Közel húsz év szakmai tapasztalattal, több ezer megjavított vagy összeszerelt számítógép után úgy döntöttem, hogy innentől közvetlen kapcsolatban fogok állni korábbi és jövőbeni ügyfeleimmel.</p>



<p>A HDComp szerviz elsődelegesen asztali és hordrozható számítógépek, táblagépek, okostelefonok szervizelésével foglalkozik, de bármilyen elektronikus eszköz javításában megpróbálunk segítséget nyújtani.</p>



<figure class="wp-block-image size-large"><img loading="lazy" decoding="async" width="1024" height="681" src="http://hdcomp.hu/wp-content/uploads/2020/05/Tablet-Repair-1024x681.jpg" alt="" class="wp-image-43" srcset="https://hdcomp.hu/wp-content/uploads/2020/05/Tablet-Repair-1024x681.jpg 1024w, https://hdcomp.hu/wp-content/uploads/2020/05/Tablet-Repair-600x399.jpg 600w, https://hdcomp.hu/wp-content/uploads/2020/05/Tablet-Repair-300x200.jpg 300w, https://hdcomp.hu/wp-content/uploads/2020/05/Tablet-Repair-768x511.jpg 768w, https://hdcomp.hu/wp-content/uploads/2020/05/Tablet-Repair-1536x1022.jpg 1536w, https://hdcomp.hu/wp-content/uploads/2020/05/Tablet-Repair.jpg 1920w" sizes="(max-width: 1024px) 100vw, 1024px" /></figure>



<p>Szolgáltatásunk megrendelhető telefonon és e-mail-ben is. </p>

<p>Közel húsz év szakmai tapasztalattal, több ezer megjavított vagy összeszerelt számítógép után úgy döntöttem, hogy innentől közvetlen kapcsolatban fogok állni korábbi és jövőbeni ügyfeleimmel. A HDComp szerviz elsődelegesen asztali és hordrozható számítógépek, táblagépek, okostelefonok szervizelésével foglalkozik, de bármilyen elektronikus eszköz javításában megpróbálunk segítséget nyújtani. Szolgáltatásunk megrendelhető telefonon és e-mail-ben is.</p>
