{"id":21,"date":"2020-05-20T08:36:08","date_gmt":"2020-05-20T08:36:08","guid":{"rendered":"http:\/\/hdcomp.hu\/?page_id=21"},"modified":"2024-05-16T22:44:02","modified_gmt":"2024-05-16T22:44:02","slug":"elerhetoseg","status":"publish","type":"page","link":"https:\/\/hdcomp.hu\/index.php\/elerhetoseg\/","title":{"rendered":"HDComp szerviz el\u00e9rhet\u0151s\u00e9gei:"},"content":{"rendered":"\n<p>Bos\u00e1nszki P\u00e9ter E.V.<\/p>\n\n\n\n<p>telefon: 06-50-114-6289<\/p>\n\n\n\n<p>mail: info@hdcomp.hu<\/p>\n\n\n\n\n\n<figure class=\"wp-block-image size-large\"><img loading=\"lazy\" decoding=\"async\" width=\"1024\" height=\"585\" src=\"http:\/\/hdcomp.hu\/wp-content\/uploads\/2024\/05\/futuristic-wave-pattern-glows-bright-colors-generated-by-ai-1024x585.jpg\" alt=\"\" class=\"wp-image-187\" srcset=\"https:\/\/hdcomp.hu\/wp-content\/uploads\/2024\/05\/futuristic-wave-pattern-glows-bright-colors-generated-by-ai-1024x585.jpg 1024w, https:\/\/hdcomp.hu\/wp-content\/uploads\/2024\/05\/futuristic-wave-pattern-glows-bright-colors-generated-by-ai-300x171.jpg 300w, https:\/\/hdcomp.hu\/wp-content\/uploads\/2024\/05\/futuristic-wave-pattern-glows-bright-colors-generated-by-ai-768x439.jpg 768w, https:\/\/hdcomp.hu\/wp-content\/uploads\/2024\/05\/futuristic-wave-pattern-glows-bright-colors-generated-by-ai-1536x878.jpg 1536w, https:\/\/hdcomp.hu\/wp-content\/uploads\/2024\/05\/futuristic-wave-pattern-glows-bright-colors-generated-by-ai-2048x1170.jpg 2048w, https:\/\/hdcomp.hu\/wp-content\/uploads\/2024\/05\/futuristic-wave-pattern-glows-bright-colors-generated-by-ai-600x343.jpg 600w\" sizes=\"(max-width: 1024px) 100vw, 1024px\" \/><\/figure>\n","protected":false},"excerpt":{"rendered":"<p>Bos\u00e1nszki P\u00e9ter E.V. telefon: 06-50-114-6289 mail: info@hdcomp.hu<\/p>\n","protected":false},"author":1,"featured_media":0,"parent":0,"menu_order":0,"comment_status":"closed","ping_status":"closed","template":"","meta":{"footnotes":""},"_links":{"self":[{"href":"https:\/\/hdcomp.hu\/index.php\/wp-json\/wp\/v2\/pages\/21"}],"collection":[{"href":"https:\/\/hdcomp.hu\/index.php\/wp-json\/wp\/v2\/pages"}],"about":[{"href":"https:\/\/hdcomp.hu\/index.php\/wp-json\/wp\/v2\/types\/page"}],"author":[{"embeddable":true,"href":"https:\/\/hdcomp.hu\/index.php\/wp-json\/wp\/v2\/users\/1"}],"replies":[{"embeddable":true,"href":"https:\/\/hdcomp.hu\/index.php\/wp-json\/wp\/v2\/comments?post=21"}],"version-history":[{"count":7,"href":"https:\/\/hdcomp.hu\/index.php\/wp-json\/wp\/v2\/pages\/21\/revisions"}],"predecessor-version":[{"id":198,"href":"https:\/\/hdcomp.hu\/index.php\/wp-json\/wp\/v2\/pages\/21\/revisions\/198"}],"wp:attachment":[{"href":"https:\/\/hdcomp.hu\/index.php\/wp-json\/wp\/v2\/media?parent=21"}],"curies":[{"name":"wp","href":"https:\/\/api.w.org\/{rel}","templated":true}]}}